{"id":29,"date":"2022-06-19T10:23:09","date_gmt":"2022-06-19T08:23:09","guid":{"rendered":"http:\/\/www.louvrevictoireagence.com\/?page_id=29"},"modified":"2022-06-30T14:52:38","modified_gmt":"2022-06-30T12:52:38","slug":"agence","status":"publish","type":"page","link":"https:\/\/www.louvrevictoireagence.com\/index.php\/agence\/","title":{"rendered":"AGENCE"},"content":{"rendered":"\n<p>Louvre Victoire Agence est une&nbsp;<strong>agence de&nbsp;communication<\/strong><br>sp\u00e9cialis\u00e9e en&nbsp;<strong>design de marques&nbsp;<\/strong>et<strong>&nbsp;d&#8217;identit\u00e9s visuelles<\/strong>.<\/p>\n\n\n\n<p>Elle accompagne ses clients depuis la cr\u00e9ation du logotype, jusqu&#8217;\u00e0 la mise en espace et la mise en sc\u00e8ne de la marque pour la faire appara\u00eetre et la faire rayonner.<\/p>\n\n\n\n<p>L&#8217;id\u00e9e est de rendre la marque <strong>visible<\/strong>, <strong>lisible<\/strong> et <strong>flexible<\/strong>. Cr\u00e9er une identit\u00e9, une notori\u00e9t\u00e9, une notabilit\u00e9, un engagement.<\/p>\n\n\n\n<p><\/p>\n\n\n\n<figure class=\"wp-block-image size-large is-resized\"><img loading=\"lazy\" decoding=\"async\" src=\"http:\/\/www.louvrevictoireagence.com\/wp-content\/uploads\/2022\/06\/Capture-decran-2022-06-30-a-14.50.17-1024x896.png\" alt=\"\" class=\"wp-image-89\" width=\"525\" height=\"459\" srcset=\"https:\/\/www.louvrevictoireagence.com\/wp-content\/uploads\/2022\/06\/Capture-decran-2022-06-30-a-14.50.17-1024x896.png 1024w, https:\/\/www.louvrevictoireagence.com\/wp-content\/uploads\/2022\/06\/Capture-decran-2022-06-30-a-14.50.17-300x262.png 300w, https:\/\/www.louvrevictoireagence.com\/wp-content\/uploads\/2022\/06\/Capture-decran-2022-06-30-a-14.50.17-768x672.png 768w, https:\/\/www.louvrevictoireagence.com\/wp-content\/uploads\/2022\/06\/Capture-decran-2022-06-30-a-14.50.17-1536x1344.png 1536w, https:\/\/www.louvrevictoireagence.com\/wp-content\/uploads\/2022\/06\/Capture-decran-2022-06-30-a-14.50.17.png 1614w\" sizes=\"auto, (max-width: 525px) 100vw, 525px\" \/><\/figure>\n\n\n\n<p><\/p>\n\n\n\n<p class=\"has-huge-font-size\"><strong>Mission<\/strong><\/p>\n\n\n\n<h4 class=\"wp-block-heading\">Imaginer des solutions adapt\u00e9es et modernes<\/h4>\n\n\n\n<p><\/p>\n\n\n\n<p>01<br>Comprendre le <strong>projet <\/strong>: conna\u00eetre le pass\u00e9, l&#8217;histoire de la marque, appr\u00e9hender les volont\u00e9s, cr\u00e9er une strat\u00e9gie de branding rendant la marque attirante et magique, po\u00e9tique et actuelle. <\/p>\n\n\n\n<p>02<br>Concevoir des&nbsp;<strong>strat\u00e9gies<\/strong>&nbsp;simples et efficaces pour que la r\u00e9ponse \u00e9motionnelle de la marque soit la meilleure.<\/p>\n\n\n\n<p>03<br><strong>Designer<\/strong>&nbsp;des solutions originales pour renforcer la reconnaissance de la marque, cr\u00e9er des liens, f\u00e9d\u00e9rer et fid\u00e9liser. <\/p>\n\n\n\n<p>04                                                                                                                                                                                             <strong>Communiquer<\/strong> de mani\u00e8re continue, originale et coh\u00e9rente l&#8217;identit\u00e9 et les valeurs de la marque de mani\u00e8re significative et engageante.<\/p>\n\n\n\n<p><\/p>\n","protected":false},"excerpt":{"rendered":"<p>Louvre Victoire Agence est une&nbsp;agence de&nbsp;communicationsp\u00e9cialis\u00e9e en&nbsp;design de marques&nbsp;et&nbsp;d&#8217;identit\u00e9s visuelles. Elle accompagne ses clients depuis la cr\u00e9ation du logotype, jusqu&#8217;\u00e0 la mise en espace et la mise en sc\u00e8ne de la marque pour la faire appara\u00eetre et la faire rayonner. L&#8217;id\u00e9e est de rendre la marque visible, lisible et flexible. Cr\u00e9er une identit\u00e9, une notori\u00e9t\u00e9, [&hellip;]<\/p>\n","protected":false},"author":1,"featured_media":63,"parent":0,"menu_order":0,"comment_status":"closed","ping_status":"closed","template":"","meta":{"footnotes":""},"class_list":["post-29","page","type-page","status-publish","has-post-thumbnail","hentry"],"_links":{"self":[{"href":"https:\/\/www.louvrevictoireagence.com\/index.php\/wp-json\/wp\/v2\/pages\/29","targetHints":{"allow":["GET"]}}],"collection":[{"href":"https:\/\/www.louvrevictoireagence.com\/index.php\/wp-json\/wp\/v2\/pages"}],"about":[{"href":"https:\/\/www.louvrevictoireagence.com\/index.php\/wp-json\/wp\/v2\/types\/page"}],"author":[{"embeddable":true,"href":"https:\/\/www.louvrevictoireagence.com\/index.php\/wp-json\/wp\/v2\/users\/1"}],"replies":[{"embeddable":true,"href":"https:\/\/www.louvrevictoireagence.com\/index.php\/wp-json\/wp\/v2\/comments?post=29"}],"version-history":[{"count":9,"href":"https:\/\/www.louvrevictoireagence.com\/index.php\/wp-json\/wp\/v2\/pages\/29\/revisions"}],"predecessor-version":[{"id":101,"href":"https:\/\/www.louvrevictoireagence.com\/index.php\/wp-json\/wp\/v2\/pages\/29\/revisions\/101"}],"wp:featuredmedia":[{"embeddable":true,"href":"https:\/\/www.louvrevictoireagence.com\/index.php\/wp-json\/wp\/v2\/media\/63"}],"wp:attachment":[{"href":"https:\/\/www.louvrevictoireagence.com\/index.php\/wp-json\/wp\/v2\/media?parent=29"}],"curies":[{"name":"wp","href":"https:\/\/api.w.org\/{rel}","templated":true}]}}